461399
What are the prime factors of 7498766789?
557, 13462777
What are the prime factors of 989590046?
2, 43, 11506861
List the prime factors of 1367388166.
2, 17, 40217299
What are the prime factors of 277793410?
2, 5, 37, 677, 1109
List the prime factors of 6087182730.
2, 3, 5, 202906091
What are the prime factors of 1305340269?
3, 409, 1063847
What are the prime factors of 129313890?
2, 3, 5, 37, 38833
What are the prime factors of 109015253?
2621, 41593
What are the prime factors of 10905497?
10905497
What are the prime factors of 416856221?
109, 373, 10253
List the prime factors of 8311144924.
2, 109, 19062259
What are the prime factors of 796731868?
2, 23, 31, 257, 1087
What are the prime factors of 3217167762?
2, 3, 71, 1117, 6761
List the prime factors of 184468878.
2, 3, 11, 23, 40507
What are the prime factors of 393402944?
2, 11, 37, 1373
What are the prime factors of 1580321424?
2, 3, 11, 2993033
List the prime factors of 112753860.
2, 3, 5, 17, 110543
List the prime factors of 120079888.
2, 7504993
List the prime factors of 2758411396.
2, 13, 463, 114571
List the prime factors of 9888904.
2, 79, 15647
What are the prime factors of 960823589?
11, 87347599
What are the prime factors of 71178717?
3, 43, 551773
What are the prime factors of 36628128?
2, 3, 89, 1429
What are the prime factors of 917140444?
2, 11, 2383, 8747
List the prime factors of 51000276.
2, 3, 4250023
What are the prime factors of 57463221?
3, 19154407
List the prime factors of 105629613.
3, 61, 73, 7907
List the prime factors of 15893594.
2, 337, 23581
List the prime factors of 341471552.
2, 173, 30841
What are the prime factors of 1332667573?
479, 2782187
List the prime factors of 160302229.
433, 370213
What are the prime factors of 181968356?
2, 563, 80803
List the prime factors of 79358600.
2, 5, 419, 947
List the prime factors of 1243332137.
23, 54057919
List the prime factors of 1687835655.
3, 5, 11, 107, 2897
List the prime factors of 20484177.
3, 7, 191, 5107
List the prime factors of 2397791707.
17, 2833, 49787
What are the prime factors of 24719529?
3, 8239843
What are the prime factors of 14902459?
11, 13, 23, 197
What are the prime factors of 603972430?
2, 5, 17, 103, 2029
List the prime factors of 65576841.
3, 11, 23, 86399
What are the prime factors of 159169106?
2, 79584553
What are the prime factors of 37370662?
2, 7, 691, 3863
What are the prime factors of 1092172684?
2, 17, 919, 17477
List the prime factors of 49380978.
2, 3, 617, 13339
What are the prime factors of 546991432?
2, 13, 5259533
What are the prime factors of 407999518?
2, 37, 353, 15619
List the prime factors of 138575110.
2, 5, 13857511
List the prime factors of 939756115.
5, 187951223
What are the prime factors of 5886579?
3, 1962193
What are the prime factors of 11670591?
3, 23, 79, 2141
List the prime factors of 1245784012.
2, 11, 28313273
List the prime factors of 25796428.
2, 7, 29, 31769
List the prime factors of 3972303283.
13, 17, 17974223
What are the prime factors of 195999121?
59, 71, 659
What are the prime factors of 4489956?
2, 3, 124721
What are the prime factors of 30169060?
2, 5, 37, 59, 691
What are the prime factors of 31768234?
2, 15884117
What are the prime factors of 9288605?
5, 659, 2819
List the prime factors of 2502175651.
17, 29, 5075407
What are the prime factors of 112346233?
112346233
List the prime factors of 3009823093.
89, 33818237
What are the prime factors of 790812978?
2, 3, 139, 599, 1583
List the prime factors of 595591265.
5, 127, 401, 2339
What are the prime factors of 173825519?
7, 37, 671141
What are the prime factors of 813448802?
2, 43, 9458707
What are the prime factors of 631287602?
2, 11, 29, 989479
What are the prime factors of 481192380?
2, 3, 5, 373, 2389
What are the prime factors of 3026498768?
2, 37, 5112329
What are the prime factors of 484947?
3, 5987
What are the prime factors of 235644655?
5, 701, 67231
What are the prime factors of 421556758?
2, 7, 30111197
List the prime factors of 6488364329.
29, 223736701
What are the prime factors of 62297608?
2, 101, 77101
What are the prime factors of 13147004?
2, 13, 252827
What are the prime factors of 6256530642?
2, 3, 443, 2353849
What are the prime factors of 457709803?
457709803
What are the prime factors of 22366415?
5, 4473283
List the prime factors of 45629316.
2, 3, 1267481
List the prime factors of 542057906.
2, 13, 20848381
What are the prime factors of 69434198?
2, 367, 94597
What are the prime factors of 672344041?
4133, 162677
List the prime factors of 23237176.
2, 23, 47, 2687
What are the prime factors of 160901450?
2, 5, 103, 157, 199
What are the prime factors of 114723411?
3, 11, 181, 19207
List the prime factors of 62824565.
5, 167, 75239
List the prime factors of 1499964709.
19, 29, 93871
What are the prime factors of 142243801?
7, 41, 109, 4547
What are the prime factors of 1623797261?
29, 43, 1302163
What are the prime factors of 332589489?
3, 71, 1561453
List the prime factors of 1319360459.
647, 2039197
List the prime factors of 43524494.
2, 13, 821, 2039
What are the prime factors of 6748083606?
2, 3, 11, 37, 229, 1097
What are the prime factors of 1055452491?
3, 37, 1056509
List the prime factors of 1083125750.
2, 5, 7, 618929
List the prime factors of 57037458.
2, 3, 31, 306653
What are the prime factors of 21181531?
7, 59, 51287
What are the prime factors of 863520369?
3, 287840123
What are the prime factors of 90222436?
2, 677, 33317
List the prime factors of 140386910.
2, 5, 31, 191, 2371
What are the prime factors of 28121418?
2, 3, 13, 4451
List the prime factors of 376042906.
2, 103, 1825451
What are the prime factors of 1707034651?
7, 17, 19, 754991
List the prime factors of 3621975665.
5, 7, 11, 73, 128873
What are the prime factors of 10687703?
13, 822131
List the prime factors of 1460099334.
2, 3, 243349889
List the prime factors of 37673525.
5, 31, 48611
What are the prime factors of 5656079298?
2, 3, 67, 14069849
What are the prime factors of 1107156422?
2, 83, 6669617
List the prime factors of 44877001.
13, 41, 269, 313
List the prime factors of 345565036.
2, 101, 855359
What are the prime factors of 204443342?
2, 1789, 57139
List the prime factors of 1037013789.
3, 7, 49381609
What are the prime factors of 4320315536?
2, 17, 15883513
List the prime factors of 179330670.
2, 3, 5, 1992563
What are the prime factors of 209575881?
3, 17, 37, 37021
What are the prime factors of 301786126?
2, 43, 211, 16631
List the prime factors of 44634109.
13, 53, 64781
List the prime factors of 41003333.
7, 5857619
What are the prime factors of 196827964?
2, 49206991
What are the prime factors of 691360917?
3, 13, 1363631
What are the prime factors of 2359774272?
2, 3, 12290491
List the prime factors of 21996510.
2, 3, 5, 23, 71, 449
What are the prime factors of 101394257?
7927, 12791
What are the prime factors of 39406559?
239, 164881
What are the prime factors of 441091375?
5, 59, 59809
What are the prime factors of 47510267?
7, 41, 165541
List the prime factors of 132253509.
3, 19, 43, 53959
List the prime factors of 452951299.
37, 12241927
What are the prime factors of 1911738?
2, 3, 29, 10987
List the prime factors of 107093847.
3, 7, 73, 69859
What are the prime factors of 4296288563?
7, 7177, 85517
What are the prime factors of 1508111283?
3, 7, 97, 740359
List the prime factors of 20731321.
13, 53, 30089
List the prime factors of 37222105.
5, 71, 104851
List the prime factors of 109645269.
3, 191, 191353
What are the prime factors of 2417557?
2417557
What are the prime factors of 53644011?
3, 19, 941123
What are the prime factors of 525300349?
7, 75042907
What are the prime factors of 2461714?
2, 67, 18371
What are the prime factors of 2244663672?
2, 3, 93527653
What are the prime factors of 12939816?
2, 3, 539159
List the prime factors of 259511637.
3, 7, 11, 1123427
What are the prime factors of 121868727?
3, 5477, 7417
What are the prime factors of 5742384437?
41, 5101, 27457
List the prime factors of 524761825.
5, 7, 103, 4159
List the prime factors of 72457223.
6949, 10427
List the prime factors of 60327731.
4483, 13457
List the prime factors of 151020461.
23, 1453, 4519
What are the prime factors of 966783514?
2, 47, 79, 101, 1289
List the prim